11*c + 4. Let k(x) = 13*x - 3. Let v(j) = -6*k(j) - 7*y(j). Give v(-8).
-2
Suppose 3*b - v = 2*b - 22, 0 = -2*v. Suppose g = 4*g + 87. Let d = b - g. Let u(i) = i**3 - 6*i**2 - 6*i - 7. What is u(d)?
0
Let i = -85 - -55. Let n = -26 - i. Let v(h) = 2 - 1 + h - h**2 + 2*h. Calculate v(n).
-3
Let j(y) be the first derivative of -2/3*y**3 + 4*y - y**2 + 2. Calculate j(-3).
-8
Let r be (4 - 0)*7/14. Suppose r*d + 27 = 5*d. Let w(v) = v**3 - 8*v**2 - 11*v + 11. Calculate w(d).
-7
Let g(c) = c**2 - 9*c + 11. Let m be g(8). Let s(i) = -7 - i**2 + 3*i**2 + 5*i**2 + 4*i**3 - 3*i**m. What is s(-7)?
-7
Let y(r) = r**2 + 10*r - 13. Let b be 7/(-35) + 12/(-15) - -34. Suppose 33 = -6*q - b. What is y(q)?
-2
Let c = 2 - -9. Let j = c + -8. Suppose -j*g + 12 = 0, -2*r - 3*g = -2*g. Let l(w) = -w**3 - 3*w**2. Determine l(r).
-4
Let j(r) be the third derivative of r**5/30 + r**4/8 + r**3/3 + 123*r**2. Suppose -2*w - a = 6, 5*a - 1 + 7 = 2*w. What is j(w)?
4
Let w be (-22)/(-4)*(9/3 - 17). Let t = 75 + w. Let r(n) = -4*n + 0*n + 3*n. Calculate r(t).
2
Let b(v) = v**3 + 6*v**2 - v - 3. Suppose 0 = o - 5*z + 19, -2*o + 4*z + 5 - 31 = 0. Let g be 2/(-1) + (-8)/(-2). Let t be (o/g)/(3/4). Calculate b(t).
3
Suppose 4*j - 8 = 5*j. Let k(b) be the second derivative of b**3/6 + 7*b**2/2 - 2801*b. Calculate k(j).
-1
Let v(n) = n**2 + 9*n + 10. Let t = -436 + 428. Give v(t).
2
Let d(s) = 48*s**2 + 3*s - 7. Let z(l) = 26*l**2 + 2*l - 4. Let j(t) = 6*d(t) - 11*z(t). Calculate j(3).
8
Let i(h) = h**3 + 6*h**2 + h + 7. Let l be i(-6). Let u(z) = 3*z - 2 + 3*z + 1 + 6*z. Give u(l).
11
Suppose 0 = 4*i + 2*p, -3*i + 2*p = 2*i. Let c = -6 + i. Let x = c + 5. Let d(y) = 6*y**3 + 2*y**2 + y. Calculate d(x).
-5
Let j(i) = -3*i**2 - i**2 + 0*i**2 + 3 - 4*i + 3*i**2. Let z(b) = b**2 + 2*b - 4. Let u be z(0). Give j(u).
3
Let w(t) = -6*t - 10. Let u be (-2760)/(-575)*(-10)/(-8). Give w(u).
-46
Let d(j) = 0*j**3 - 8*j**2 + 6*j**3 - j**3 - 8*j - 4*j**3 - 2. What is d(9)?
7
Let y = 335 - 330. Let m(s) be the first derivative of y - 7/2*s**2 - 1/3*s**3 + 7*s. Calculate m(-6).
13
Let j(c) = -4*c. Let v(k) = 15*k - 1. Let d(h) = 4*j(h) + v(h). Give d(-3).
2
Let s(f) = -9*f - 6. Let v be s(-4). Let m be (v - 31)/(0 + 1/2). Let d(a) = a**2 - 1. Calculate d(m).
3
Let h(g) = 5*g - 5*g**2 + 3*g**2 - 4*g**2 + g**3. Let x be 9/6 - (-3)/6. Suppose 25 = x*v + 3*v. What is h(v)?
0
Let z(r) be the third derivative of -r**4/24 - r**3/2 + 10*r**2 - 14*r. Determine z(-2).
-1
Let m(f) = -4*f**2 - 4 + 465*f + 450*f + 451*f - 1368*f - f**3. Let h(o) = 2*o + 2. Let j be h(-3). Give m(j).
4
Let z(w) = w**2 + 18. Suppose -5*l - 12*g - 5 = -11*g, -3*g = -3*l + 15. Calculate z(l).
18
Suppose -5*c - 16 = -2*o - 2*c, 2*o = -5*c - 16. Suppose x + 2 = 0, 0 = -4*t - 5*x + o*x - 14. Let d(k) = -4*k + 1. What is d(t)?
9
Let z(v) = 3*v**2 + 5*v + 2. Let d be z(-2). Let r(x) = -x**3 + 6*x**2 - 5*x - 2. Determine r(d).
10
Let f = 1318 - 1325. Let x(l) = l**3 + 5*l + 0 + 5*l + 8*l**2 + 4. What is x(f)?
-17
Let h(l) = -l**2 + 14*l - 18. Let x(b) = b**2 + 11*b - 30. Let a be x(-14). What is h(a)?
6
Suppose 5 = -2*v + 2*c - 5*c, -5*v = -2*c - 16. Let z(k) = 4*k**2 + 2*k - 1. Give z(v).
19
Let n = -69 - -76. Let p be (2 - 3)/(n/(-49)). Let a(z) = -z + 3. Give a(p).
-4
Suppose g + 3*u + 8 = 0, 4*g + 7*u - 12*u = 2. Let d(t) = 5*t**2 - 6*t**2 + 1 + 0*t**2. Calculate d(g).
-3
Let g(r) = r**2 - r**2 + 3 - 8 - r**2. Calculate g(0).
-5
Let y be -8 - (-1 - (-3 - -4)). Let i = -4 - y. Let t(c) = i*c + c + 2*c. Give t(2).
10
Let q(a) = 7*a**3 + 72*a**2 - 2*a - 5. Let p(b) = 15*b**3 + 155*b**2 - 3*b - 9. Let k(h) = 6*p(h) - 13*q(h). Calculate k(-7).
4
Let c(i) = i**3 - 8*i**2 + 8*i + 6. Suppose 2*b - 3*b - 25 = 4*f, -2*f + 40 = -2*b. Let j be b/(-2)*((-78)/18 + 5). Calculate c(j).
13
Let i(t) = 2*t - 3. Suppose -2*n - 16 = -3*z + 3*n, 12 = 2*z - 4*n. What is i(z)?
1
Let a(t) = t**2 - 2*t - t + 563 - 557. Give a(4).
10
Let x(c) be the second derivative of -c**5/20 - c**4/4 + c**3/2 + c**2 + 64*c. Calculate x(-3).
-7
Suppose 12 = 2*j + q - 4*q, 0 = 3*j - 4*q - 18. Let d(o) = 5*o - 9. Let y(u) = 9*u - 18. Let n(b) = 5*d(b) - 3*y(b). Give n(j).
-3
Let b(y) be the first derivative of y**2/2 + 5*y - 1. Let f = -159 + 167. Let w(u) = u**3 - 7*u**2 - 14*u + 41. Let i be w(f). Determine b(i).
-2
Let i = 13 + -21. Let d be (-2)/i*2*2. Let k(y) = -d + 3 - 3 - 4*y - 1. Give k(-2).
6
Let x(t) = t**3 - 2*t**2 - 7*t - 5. Let i be x(-2). Let v(f) = -f**2 - 9*f - 10. Calculate v(i).
4
Suppose -334*l + 5*k - 23 = -336*l, 0 = -3*k + 15. Let u(o) = -o - 3*o - o + 3*o. Calculate u(l).
2
Let z(j) = -j**2 - 5*j + 5. Let d be z(-5). Suppose -d*h = -2*w - 10, -5*h = -2*h. Let q(l) = l + 7. Determine q(w).
2
Suppose 127 = -3*k + 6*k - a, 164 = 4*k - 4*a. Let u = -38 + k. Let b(j) = j**2 - 4*j - 2. Give b(u).
3
Let v(j) = -139*j - j**2 - 145*j + 285*j. Let t be (8/6)/(2/3). What is v(t)?
-2
Let s(v) = 2. Let m(z) = 2*z + 10. Let k(n) = m(n) - 5*s(n). Give k(2).
4
Let u be ((-10)/20)/((0 - -1)/14). Let l(i) = -i**3 - 8*i**2 + i**2 + 31 - 41. Give l(u).
-10
Let d(v) = -v**3 + 5*v**2 + 2*v + 4. Let g be ((-45)/10)/(-9)*2. Suppose 0 = -5*o + 4*o - 3*k - g, 2*o = k + 12. Determine d(o).
14
Let m(s) be the first derivative of s**2/2 + s - 263. Determine m(-6).
-5
Suppose x - 3*x - 2 = -3*k, -3*x - 3*k + 12 = 0. Let s(o) = o**x + 0*o**2 + 2*o**2 + o. Let f be (6/30)/(1/5). Determine s(f).
4
Let i(s) = -s**3 + 4*s**2 + 5*s - 6. Let j = -10 + -5. Suppose 46 = -3*n - 14. Let m = j - n. What is i(m)?
-6
Suppose 0 = -5*q - 7*w + 4*w + 96, 2*q + 5*w = 27. Let o = 20 - q. Let s(u) = 9*u**2 + 2*u + 1. What is s(o)?
8
Let n(p) = -p**2 - 7*p + 2. Let h be (-6)/(-4) + (-34)/(-4). Let j be (-6)/9 + h/(-3). Determine n(j).
14
Let z(i) = -13*i**3 - 10*i**2 - 48*i - 24. Let x(l) = -28*l**3 - 19*l**2 - 101*l - 47. Let n(y) = 6*x(y) - 13*z(y). Determine n(-15).
-15
Let o(j) = -j + 1. Suppose 6 = -12*s + 10*s. Give o(s).
4
Let m(f) = f - 3. Suppose 2*i - 7 = -3. Suppose -v = -i*v. Let x be m(v). Let o(a) = a**3 + 3*a**2 - 2*a - 1. What is o(x)?
5
Suppose -f = -4*p + 16 + 19, 2*p = 4*f + 14. Let y(b) = b**2 - 11*b - 8. What is y(p)?
-26
Let t(a) = a + 1. Suppose -10 + 2 = 2*i. Let g be (i - -4)*(-2)/4. Let q be -6*(g + -3 + 4). What is t(q)?
-5
Suppose i - 2 = q, 3*q - 6*q = -2*i + 10. Let r(b) = 0 - 80*b + 81*b + 8. Determine r(q).
2
Let s(a) be the third derivative of a**6/120 - a**5/60 - a**4/6 + a**3/6 + 17*a**2. Calculate s(-2).
-3
Let b = 45 + -43. Let s(c) = -2 + 7*c + 3*c**b + 5 - 2*c**2 + 0. Calculate s(-7).
3
Suppose 3*s - 5*i - 10 = 0, 3*s - 37*i + 42*i - 20 = 0. Let x(z) = z - 2 - 2*z + 0*z. What is x(s)?
-7
Suppose -20 = -2*u + 5*j, 4*u = 2*u - j - 4. Let l(a) = 0*a - 1 + 3*a + u*a. Let h be 4/88*-26 - (-6)/33. Calculate l(h).
-4
Let w = -4 + 3. Let m = -4 - w. Let r(a) = -2*a**2 - a**2 - 34*a - 17 + 36*a + 20 + 4*a**2. Determine r(m).
6
Suppose -3*p + 7 = -47. Let n be (-41 + 3)*2/(-4). Let z(c) = -n + p - 6*c + 4*c. What is z(1)?
-3
Let o(q) be the first derivative of q**4/4 - 5*q**3/3 + 3*q**2/2 - 3*q - 112. What is o(5)?
12
Let c(q) be the first derivative of 0*q**2 + 1/180*q**6 + 1/24*q**4 - 4/3*q**3 + 0*q - 1/30*q**5 + 3. Let u(w) be the third derivative of c(w). Determine u(3).
7
Suppose 18 = 2*c + 2*a, 4*a - 2*a - 28 = -3*c. Let r(l) = 7 + 75*l - l**2 - 65*l - 3 + 0*l**2. Calculate r(c).
4
Let o(p) = p - 1. Suppose -5*v + 2*v + 2 = 5*r, v - 5*r = -6. Let w be v/(-2)*(-11 - -3). Determine o(w).
-5
Let a(n) = 3*n**2 - 1. Let m = 252 + -253. Determine a(m).
2
Let d(t) = -t**3 + 4*t**2 + t + 5. Let b(f) = 5*f - 1. Let a be b(1). Calculate d(a).
9
Let l(p) = p + 8. Let i be l(-5). Let j(o) = 11*o - 3. Let a(m) = -3 - 134*m + 132*m + 4. Let b(k) = 5*a(k) + j(k). Calculate b(i).
5
Let n(z) be the first derivative of -z**3/3 - 3*z**2/2 + 5*z - 5. Let p = 613 + -618. Calculate n(p).
-5
Suppose -2*s + 4*d + 22 = 0, -32 = -4*s - 0*d + 5*d. Let y(i) = 0 - 2 + 0 + 1 + 3*i. What is y(s)?
8
Let v(z) be the second derivative of 5*z**3/3 - 71*z**2/2 - 3*z - 55. Calculate v(7).
-1
Let y(q) = -6*q**2 - 8 + 11*q**2 - 4*q**2 + 2 + 6*q. Determine y(-7).
1
Let u be -1 - (12/9 + 175/(-21)). Let h(d) = d**3 - 7*d**2 + 6*d + 5. Give h(u).
5
Let o(h) = -3*h. Let f(m) = -2*m. Let q(k) = 4*f(